 6*q - 3*q + 220. What is the remainder when d is divided by s?
55
Suppose 5*i + 4*d = 39 - 8, i - 5*d + 17 = 0. Suppose 0 = i*f - 36. Let k(y) = 3*y**3 - 2*y**2 - 2*y. What is the remainder when k(3) is divided by f?
9
Suppose -2*p = -10*u + 12*u - 282, p - 2*u = 126. Calculate the remainder when p is divided by 55.
26
Let h(m) = 6*m - 114. Let a be h(17). What is the remainder when (6 + -4)/(6/387) is divided by (-324)/(-10) + a/(-20)?
30
Calculate the remainder when 629 is divided by (210/455)/((-2)/(-182)).
41
Let h be 0/(-1) - (-6 + -2 + 21). Let p(w) = -w**3 - 12*w**2 + 12*w + 3. What is the remainder when 25 is divided by p(h)?
9
Suppose 235 + 25 = 26*u. Suppose f + j - u = 0, -4*f - j + 15 + 31 = 0. What is the remainder when 418 is divided by f?
10
Let f = -172 + 379. Let z(d) = 217*d + 974. What is the remainder when f is divided by z(-4)?
101
Suppose -6*s + z = -21 - 2, 2*s - z = 3. Calculate the remainder when 309 is divided by s.
4
Let v(u) = 4*u + 4. Let s(t) = -4*t - 2. Let w(g) = -7*g - 3. Let n(x) = -5*s(x) + 2*w(x). Calculate the remainder when n(12) is divided by v(4).
16
Suppose -7*y + 17*y = 6340. Suppose 630*q = y*q - 32. What is the remainder when 32 is divided by q?
0
Let b(v) = 16*v + 4. Let m = -856 - -952. Calculate the remainder when m is divided by b(2).
24
Let x = 2021 + -1748. What is the remainder when x is divided by 112?
49
Let t = -3206 - -3790. What is the remainder when t is divided by 39?
38
Let m = 7948 + -7931. Calculate the remainder when 9604 is divided by m.
16
Let d = -135 - 29. Let z = 220 + d. What is the remainder when z is divided by 10?
6
What is the remainder when 109 is divided by 4 - ((-279)/6)/(30/440*11)?
43
Let n be ((-68)/(-10))/(5/25). Suppose -3*y + 29 = -n. What is the remainder when (165/(-60))/(2/(-24)) is divided by y?
12
Let h be (-10 + -4)*(-9)/(-6). Let y = 33 + h. Suppose y*d = 9*d + 42. What is the remainder when d is divided by 6?
2
Suppose 3*h - 146 = -56. Suppose 0 = f - 2 - 3. Suppose 2*w = f*w - 357. Calculate the remainder when w is divided by h.
29
Let p(l) = 39*l**3 - 6*l**2 + 6*l - 6. Let m be p(2). Suppose 8*h = 1734 - m. What is the remainder when h is divided by 26?
24
Suppose n = 3*o - 216, -4*o - 266*n + 269*n + 273 = 0. What is the remainder when 158 is divided by o?
8
Let q = -3413 - -3643. What is the remainder when 682 is divided by q?
222
Let m(a) = a**2 - 160*a + 2396. Calculate the remainder when 1009 is divided by m(16).
89
Let u be (-5)/(-40)*106 - (-50)/(-40). Suppose -61 = u*l - 169. Suppose -17 + 1 = -4*n. What is the remainder when l is divided by n?
1
Let n(f) = -8*f**2 + 2*f + 3. Let g(i) = i**2 - 5. Let s(d) = -4*g(d) - n(d). Suppose -4*k + 1 = -19. Calculate the remainder when s(k) is divided by 27.
26
Let t(v) = 3*v - 26. Let h be t(10). Suppose -296 = -4*a + 2*i, -4*i = -h*a - i + 300. Calculate the remainder when a is divided by (0 + 19)*(-2)/(-2).
15
Let p = -1654 + 1664. What is the remainder when 323 is divided by p?
3
Suppose -3384*c + 3372*c + 3936 = 0. What is the remainder when c is divided by 40?
8
Calculate the remainder when 3243 is divided by (-29 - 1711/(-58))/(1/(-8)*-1).
3
Calculate the remainder when 3781 is divided by (-17)/(10 - (-7410)/(-740)).
7
Let h be 4/2*(-5 - -7)*-2. Let n(x) = x + 28. Suppose -2*k = -58 - 12. Calculate the remainder when k is divided by n(h).
15
Suppose -4 = n - 2*n. Suppose n*c = 8*c + 16. Calculate the remainder when 58 is divided by c/(-3) + (-312)/(-36).
8
Let d(j) = j**3 + 6*j**2 + 2*j - 12. Let k be d(5). Let t = k - 201. What is the remainder when 431 is divided by t?
71
Suppose 13*r - 48654 = 3151. Calculate the remainder when r is divided by 993.
13
Let f(s) = -12*s + 1. Suppose 3*t - 260*n = -259*n + 161, -2*n = 4*t - 218. Calculate the remainder when t is divided by f(-1).
2
Let y(n) = 2. Let r(c) = 6*c - 6. Let h(v) = 2*r(v) + 4*y(v). What is the remainder when h(3) is divided by (-105 - -101)/(36/(-162))?
14
Let l(t) = t**2 - 7*t + 28. Let x be l(5). Suppose 0 = -3*r - 0*c + c + 68, r - 4*c = 30. Calculate the remainder when r is divided by (x/(-5))/(204/(-680)).
10
Let x(z) = 29*z - 9. Suppose -207 = 9*o + 342. Let y = 110 + o. What is the remainder when x(7) is divided by y?
47
Suppose 33*p - 16 = 50. Suppose -r + p*x + 46 = -1, -x - 160 = -4*r. What is the remainder when 346 is divided by r?
34
Suppose 2*h = 4*w - 50, 4*w = -2862*h + 2867*h + 35. Let y(o) = -2*o**3 + 3*o**2 + 3*o - 3. What is the remainder when y(-3) is divided by w?
9
Calculate the remainder when 160 is divided by 6/14 + 0 - ((-7380)/(-70))/(-6).
16
Suppose c = -4*c + 15. Suppose -a = c*d - 245, 3*d - 5*d = a - 165. Suppose 0 = -259*p + 251*p + 176. Calculate the remainder when d is divided by p.
14
Let j(f) = 2*f**3 + 15*f**2 + 7*f + 10. Let u be j(-7). Suppose 0 = 5*z + u. Calculate the remainder when 43 is divided by (3/z)/((-6)/60).
13
Let x(m) = -8*m - 99. Suppose -19 = -3*v + 53. Suppose 4*q - 30 = -2*k, 3*k + 1 = 4*q - v. What is the remainder when x(-14) is divided by q?
6
Calculate the remainder when 485 is divided by (18/(-4))/((-311)/3732).
53
Suppose -67 = 28*s - 179. Calculate the remainder when 21 is divided by s.
1
Let g(a) = -4*a**3 + a**2 - 8*a + 27. Let u be g(5). Calculate the remainder when 181 is divided by ((u/10)/(12/30))/(-2).
59
Suppose 51*q - 10 = -2*w + 49*q, 0 = -2*q - 16. Let z = 283 - 126. Let v = z + -41. Calculate the remainder when v is divided by w.
12
Suppose 39610 = 14*i + 9580. Calculate the remainder when i is divided by 37.
36
Calculate the remainder when 2/(-4) - (10 - 25 - 7721/14) is divided by 556.
10
Let h(q) = -57*q + 1424. Calculate the remainder when h(6) is divided by 1076.
6
Suppose -17*p + 2704 = -2685. What is the remainder when p is divided by 151?
15
Suppose -13 = 8*n - 37. Suppose -n*q + 4*q = 56. What is the remainder when q is divided by ((-25)/(-70)*4)/((-2)/(-28))?
16
Let d = -27 - -32. Suppose -10 = d*s - 10*s. Suppose -k - 6 = -2*f, -4*k + 4*f + s = 6. Calculate the remainder when 7 is divided by k.
3
Let v(o) = -5*o - 4*o**2 + 0*o**2 - 5 + 0 - o**3. Suppose d + 67 = 2*g, -d - 5465 = g - 5476. What is the remainder when g is divided by v(-4)?
11
Suppose 6435 = -24*v + 35*v. Let t = v + -545. Suppose -906 = -4*i - 282. What is the remainder when i is divided by t?
36
Let s(v) = 2*v**3 + 49*v**2 - 333*v - 21. Suppose 3*h = -h + 160. Calculate the remainder when s(-30) is divided by h.
29
Suppose -k = 2*g - 340, 26*g = 29*g + 3*k - 516. What is the remainder when 182 is divided by g?
14
Let c = -1616 + 1733. Calculate the remainder when c is divided by 49.
19
Suppose 293*g = 241*g + 4420. What is the remainder when 142 is divided by g?
57
Let g = -38 + 65. Let x = 27 - g. Suppose x*r = 2*r - 198. What is the remainder when r is divided by 25?
24
Suppose -52*o + 21251 = -13901. Calculate the remainder when o is divided by 328.
20
Let i = 1252 + -587. Suppose 8*n + i = 27*n. What is the remainder when 69 is divided by n?
34
Suppose 5*t + 718 = 1808. Let r = t - -41. What is the remainder when r is divided by 52?
51
Let l = -519 + 550. Suppose -s - s + 302 = 0. What is the remainder when s is divided by l?
27
Let l be (-2 - (-48)/27) + 6617/9. Let h = l - 189. Suppose 0 = -5*m + h - 61. What is the remainder when m is divided by 11?
9
Suppose -18*d + 540 = -16*d. Suppose i + m - 537 = -i, m + d = i. What is the remainder when i is divided by 54?
53
Let u(j) = j - 2. Calculate the remainder when 3358 is divided by u(18).
14
Suppose 0 = 7*f - 203 + 175. Suppose -8*n + 211 = 3*p - 7*n, f*n = 4. What is the remainder when p is divided by 40?
30
Let m be (-1 + 4 - (-52)/(-13))*-143. Suppose -m = -g - 14. Suppose -4*f + 3*c + 881 = 0, -f + 5*c + g = -87. Calculate the remainder when f is divided by 28.
25
Suppose -p + 3*c - 7 = -c, 4*c = 3*p + 21. Let d(i) = -i**3 - 7*i**2 - 8*i - 4. Let w(f) = -6*f + 60. Calculate the remainder when d(p) is divided by w(7).
16
Suppose -5*r + 341 = 4*t, -5*r + 2*t + 304 = -13. Let w be 1 + (-15)/((-10)/2). Let z(j) = 6*j - 13. Calculate the remainder when r is divided by z(w).
10
Let d = 66 + 148. Suppose 5*t = 3*z - d, 3*z - t = -5*t + 196. Let g = 83 - z. Calculate the remainder when 133 is divided by g.
13
Suppose f - 5*n - 18 = 0,